ts digit of 870?
0
What is the ten thousands digit of 46182?
4
What is the thousands digit of 16135?
6
What is the tens digit of 16216?
1
What is the thousands digit of 16108?
6
What is the thousands digit of 3154?
3
What is the tens digit of 55948?
4
What is the units digit of 375?
5
What is the hundreds digit of 7868?
8
What is the units digit of 381?
1
What is the ten thousands digit of 22735?
2
What is the tens digit of 495?
9
What is the thousands digit of 10676?
0
What is the thousands digit of 4017?
4
What is the units digit of 17746?
6
What is the tens digit of 6086?
8
What is the hundreds digit of 1723?
7
What is the hundreds digit of 1757?
7
What is the tens digit of 4530?
3
What is the hundreds digit of 98240?
2
What is the hundreds digit of 8941?
9
What is the hundreds digit of 38180?
1
What is the tens digit of 1998?
9
What is the tens digit of 933?
3
What is the units digit of 9924?
4
What is the units digit of 758?
8
What is the thousands digit of 62472?
2
What is the hundreds digit of 35253?
2
What is the hundreds digit of 167308?
3
What is the tens digit of 54566?
6
What is the tens digit of 871?
7
What is the hundreds digit of 889?
8
What is the ten thousands digit of 67373?
6
What is the units digit of 328?
8
What is the units digit of 2812?
2
What is the tens digit of 986?
8
What is the tens digit of 24846?
4
What is the thousands digit of 3747?
3
What is the units digit of 3241?
1
What is the hundreds digit of 37767?
7
What is the units digit of 85?
5
What is the units digit of 2023?
3
What is the units digit of 4381?
1
What is the tens digit of 2346?
4
What is the thousands digit of 1843?
1
What is the tens digit of 793?
9
What is the tens digit of 1574?
7
What is the ten thousands digit of 38337?
3
What is the units digit of 29013?
3
What is the tens digit of 82806?
0
What is the hundreds digit of 1119?
1
What is the hundreds digit of 16922?
9
What is the hundreds digit of 2938?
9
What is the tens digit of 7532?
3
What is the tens digit of 29368?
6
What is the units digit of 64?
4
What is the hundreds digit of 4498?
4
What is the tens digit of 50408?
0
What is the units digit of 50?
0
What is the units digit of 85655?
5
What is the thousands digit of 85392?
5
What is the ten thousands digit of 21051?
2
What is the units digit of 28556?
6
What is the hundreds digit of 7919?
9
What is the thousands digit of 2259?
2
What is the tens digit of 2527?
2
What is the thousands digit of 7361?
7
What is the hundreds digit of 25076?
0
What is the tens digit of 4712?
1
What is the hundreds digit of 426?
4
What is the tens digit of 3228?
2
What is the hundreds digit of 2245?
2
What is the thousands digit of 39241?
9
What is the hundreds digit of 24425?
4
What is the thousands digit of 13509?
3
What is the ten thousands digit of 41900?
4
What is the thousands digit of 1569?
1
What is the units digit of 1851?
1
What is the ten thousands digit of 108726?
0
What is the ten thousands digit of 32591?
3
What is the hundreds digit of 33801?
8
What is the tens digit of 3710?
1
What is the units digit of 9038?
8
What is the units digit of 336?
6
What is the ten thousands digit of 20715?
2
What is the tens digit of 125464?
6
What is the thousands digit of 27920?
7
What is the hundreds digit of 2701?
7
What is the tens digit of 1628?
2
What is the units digit of 897?
7
What is the ten thousands digit of 11839?
1
What is the thousands digit of 4566?
4
What is the tens digit of 65284?
8
What is the thousands digit of 1972?
1
What is the units digit of 747?
7
What is the hundreds digit of 459?
4
What is the hundreds digit of 348?
3
What is the tens digit of 5288?
8
What is the ten thousands digit of 74223?
7
What is the thousands digit of 1153?
1
What is the tens digit of 4744?
4
What is the hundreds digit of 17253?
2
What is the thousands digit of 5690?
5
What is the units digit of 2694?
4
What is the units digit of 1579?
9
What is the tens digit of 840?
4
What is the tens digit of 933?
3
What is the units digit of 22653?
3
What is the ten thousands digit of 52534?
5
What is the units digit of 7208?
8
What is the units digit of 2040?
0
What is the hundreds digit of 5129?
1
What is the units digit of 2130?
0
What is the units digit of 34163?
3
What is the tens digit of 1188?
8
What is the units digit of 90809?
9
What is the hundreds digit of 13819?
8
What is the ten thousands digit of 67974?
6
What is the thousands digit of 10615?
0
What is the units digit of 901?
1
What is the thousands digit of 1887?
1
What is the hundreds digit of 39706?
7
What is the tens digit of 157?
5
What is the tens digit of 1052?
5
What is the thousands digit of 2363?
2
What is the thousands digit of 4052?
4
What is the ten thousands digit of 46094?
4
What is the thousands digit of 73041?
3
What is the hundreds digit of 350?
3
What is the tens digit of 19468?
6
What is the tens digit of 15464?
6
What is the thousands digit of 3071?
3
What is the tens digit of 28325?
2
What is the units digit of 6331?
1
What is the tens digit of 635?
3
What is the units digit of 6160?
0
What is the units digit of 3214?
4
What is the hundreds digit of 915?
9
What is the ten thousands digit of 78631?
7
What is the thousands digit of 26051?
6
What is the thousands digit of 3540?
3
What is the tens digit of 33990?
9
What is the hundreds digit of 270?
2
What is the hundreds digit of 24038?
0
What is the tens digit of 9654?
5
What is the units digit of 114305?
5
What is the hundreds digit of 16270?
2
What is the thousands digit of 1727?
1
What is the units digit of 1692?
2
What is the thousands digit of 70741?
0
What is the units digit of 5499?
9
What is the ten thousands digit of 41170?
4
What is the hundreds digit of 3753?
7
What is the units digit of 621?
1
What is the thousands digit of 7126?
7
What is the ten thousands digit of 22723?
2
What is the thousands digit of 1855?
1
What is the tens digit of 11435?
3
What is the hundreds digit of 14122?
1
What is the hundreds digit of 1703?
7
What is the thousands digit of 1243?
1
What is the ten thousands digit of 78625?
7
What is the hundreds digit of 437?
4
What is the hundreds digit of 31543?
5
What is the tens digit of 1822?
2
What is the hundreds digit of 34934?
9
What is the units digit of 2436?
6
What is the tens digit of 1189?
8
What is the units digit of 870?
0
What is the tens digit of 12449?
4
What is the hundreds digit of 1205?
2
What is the thousands digit of 54604?
4
What is the units digit of 2051?
1
What is the hundreds digit of 11489?
4
What is the units digit of 5591?
1
What is the thousands digit of 2168?
2
What is the hundreds digit of 8566?
5
What is the hundreds digit of 15450?
4
What is the tens digit of 1426?
2
What is the units digit of 14165?
5
What is the thousands digit of 9829?
9
What is the units digit of 2525?
5
What is the units digit of 313?
3
What is the tens digit of 3836?
3
What is the units digit of 3220?
0
What is the thousands digit of 3262?
3
What is the thousands digit of 2073?
2
What is the hundreds digit of 1106?
1
What is the tens digit of 447?
4
What is the tens digit of 972?
7
What is the thousands digit of 20271?
0
What is the thousands digit of 1770?
1
What is the tens digit of 124739?
3
What is the ten thousands digit of 11636?
1
What is the tens digit of 3653?
5
What is the tens digit of 939?
3
What is the hundreds digit of 387?
3
What is the units digit of 12120?
0
What is the hundreds digit of 3740?
7
What is the tens digit of 1378?
7
What is the thousands digit of 2410?
2
What is the thousands digit of 2155?
2
What is the thousands digit of 5783?
5
What is the tens digit of 33113?
1
What is the thousands digit of 137300?
7
What is the hundreds digit of 31425?
4
What is the hundreds digit of 19754?
7
What is the units digit of 150?
0
What is the units digit of 10405?
5
What is the hundreds digit of 2126?
1
What is the thousands digit of 8909?
8
What is the tens digit of 1269?
6
What is the hundreds digit of 2826?
8
What is the units digit of 47?
7
What is the tens digit of 1708?
0
What is the tens digit of 2889?
8
What is the units digit of 975?
5
What is the hundreds digit of 6286?
2
What is the tens digit of 1469?
6
What is the thousands digit of 1299?
1
What is the tens digit of 864?
6
Wha